{"id":1034,"date":"2021-08-30T06:25:22","date_gmt":"2021-08-30T04:25:22","guid":{"rendered":"http:\/\/culturons-nous.com\/?page_id=1034"},"modified":"2024-06-07T08:40:17","modified_gmt":"2024-06-07T06:40:17","slug":"a-propos-de-lauteur","status":"publish","type":"page","link":"https:\/\/culturons-nous.com\/index.php\/a-propos-de-lauteur\/","title":{"rendered":"A propos de l&rsquo;auteur"},"content":{"rendered":"\t\t<div data-elementor-type=\"wp-page\" data-elementor-id=\"1034\" class=\"elementor elementor-1034\">\n\t\t\t\t\t\t<section class=\"elementor-section elementor-top-section elementor-element elementor-element-76bc7d9 elementor-section-boxed elementor-section-height-default elementor-section-height-default\" data-id=\"76bc7d9\" data-element_type=\"section\" data-e-type=\"section\">\n\t\t\t\t\t\t<div class=\"elementor-container elementor-column-gap-default\">\n\t\t\t\t\t<div class=\"elementor-column elementor-col-100 elementor-top-column elementor-element elementor-element-e9b81ee\" data-id=\"e9b81ee\" data-element_type=\"column\" data-e-type=\"column\">\n\t\t\t<div class=\"elementor-widget-wrap elementor-element-populated\">\n\t\t\t\t\t\t<div class=\"elementor-element elementor-element-737fd3b elementor-widget elementor-widget-image\" data-id=\"737fd3b\" data-element_type=\"widget\" data-e-type=\"widget\" data-widget_type=\"image.default\">\n\t\t\t\t<div class=\"elementor-widget-container\">\n\t\t\t\t\t\t\t\t\t\t\t\t\t\t\t<img fetchpriority=\"high\" decoding=\"async\" width=\"768\" height=\"531\" src=\"https:\/\/culturons-nous.com\/wp-content\/uploads\/2021\/08\/michel-montagne-768x531.jpg\" class=\"attachment-medium_large size-medium_large wp-image-1036\" alt=\"\" srcset=\"https:\/\/culturons-nous.com\/wp-content\/uploads\/2021\/08\/michel-montagne-768x531.jpg 768w, https:\/\/culturons-nous.com\/wp-content\/uploads\/2021\/08\/michel-montagne-300x207.jpg 300w, https:\/\/culturons-nous.com\/wp-content\/uploads\/2021\/08\/michel-montagne-1024x708.jpg 1024w, https:\/\/culturons-nous.com\/wp-content\/uploads\/2021\/08\/michel-montagne-1536x1062.jpg 1536w, https:\/\/culturons-nous.com\/wp-content\/uploads\/2021\/08\/michel-montagne.jpg 1719w\" sizes=\"(max-width: 768px) 100vw, 768px\" \/>\t\t\t\t\t\t\t\t\t\t\t\t\t\t\t<\/div>\n\t\t\t\t<\/div>\n\t\t\t\t\t<\/div>\n\t\t<\/div>\n\t\t\t\t\t<\/div>\n\t\t<\/section>\n\t\t\t\t<section class=\"elementor-section elementor-top-section elementor-element elementor-element-12d3ad1 elementor-section-boxed elementor-section-height-default elementor-section-height-default\" data-id=\"12d3ad1\" data-element_type=\"section\" data-e-type=\"section\">\n\t\t\t\t\t\t<div class=\"elementor-container elementor-column-gap-default\">\n\t\t\t\t\t<div class=\"elementor-column elementor-col-100 elementor-top-column elementor-element elementor-element-b47754e\" data-id=\"b47754e\" data-element_type=\"column\" data-e-type=\"column\" data-settings=\"{&quot;background_background&quot;:&quot;classic&quot;}\">\n\t\t\t<div class=\"elementor-widget-wrap elementor-element-populated\">\n\t\t\t\t\t\t<div class=\"elementor-element elementor-element-2a045b9 elementor-widget elementor-widget-text-editor\" data-id=\"2a045b9\" data-element_type=\"widget\" data-e-type=\"widget\" data-widget_type=\"text-editor.default\">\n\t\t\t\t<div class=\"elementor-widget-container\">\n\t\t\t\t\t\t\t\t\t<ul><li>Ing\u00e9nieur \u00e9crivain<\/li><li>Cr\u00e9ateur du concept des LNA (Livres Num\u00e9riques Connect\u00e9s)<\/li><li style=\"text-align: left;\">Curieux et passionn\u00e9<\/li><li style=\"text-align: left;\">Marcheur<\/li><li style=\"text-align: left;\">Brasseur d&rsquo;id\u00e9es<\/li><li style=\"text-align: left;\">Artisan des Mots en apprentissage<\/li><li style=\"text-align: left;\">Sa mission \u00ab\u00a0B\u00e2tir un Monde meilleur et plus juste\u00a0\u00bb<\/li><li style=\"text-align: left;\">Sa vision \u00ab\u00a0La Culture par le Net\u00a0\u00bb pour amener la culture aux personnes qui d\u00e9laissent les livres papier<\/li><li style=\"text-align: left;\">Croit en son destin et \u00e0 la r\u00e9ussite de \u00ab\u00a0Culturons Nous\u00a0\u00bb<\/li><li style=\"text-align: left;\">A la recherche de M\u00e9c\u00e8nes pour lancer une Fondation \u00ab\u00a0Culturons Nous\u00a0\u00bb<\/li><li style=\"text-align: left;\">Contact : poncet.smu@gmail.com<\/li><\/ul>\t\t\t\t\t\t\t\t<\/div>\n\t\t\t\t<\/div>\n\t\t\t\t\t<\/div>\n\t\t<\/div>\n\t\t\t\t\t<\/div>\n\t\t<\/section>\n\t\t\t\t<section class=\"elementor-section elementor-top-section elementor-element elementor-element-c4f47a9 elementor-section-boxed elementor-section-height-default elementor-section-height-default\" data-id=\"c4f47a9\" data-element_type=\"section\" data-e-type=\"section\">\n\t\t\t\t\t\t<div class=\"elementor-container elementor-column-gap-default\">\n\t\t\t\t\t<div class=\"elementor-column elementor-col-100 elementor-top-column elementor-element elementor-element-f8ac2be\" data-id=\"f8ac2be\" data-element_type=\"column\" data-e-type=\"column\">\n\t\t\t<div class=\"elementor-widget-wrap elementor-element-populated\">\n\t\t\t\t\t\t<div class=\"elementor-element elementor-element-aaaa9a0 elementor-align-center elementor-widget elementor-widget-button\" data-id=\"aaaa9a0\" data-element_type=\"widget\" data-e-type=\"widget\" data-widget_type=\"button.default\">\n\t\t\t\t<div class=\"elementor-widget-container\">\n\t\t\t\t\t\t\t\t\t<div class=\"elementor-button-wrapper\">\n\t\t\t\t\t<a class=\"elementor-button elementor-button-link elementor-size-sm\" href=\"https:\/\/culturons-nous.com\/\">\n\t\t\t\t\t\t<span class=\"elementor-button-content-wrapper\">\n\t\t\t\t\t\t\t\t\t<span class=\"elementor-button-text\">Accueil <\/span>\n\t\t\t\t\t<\/span>\n\t\t\t\t\t<\/a>\n\t\t\t\t<\/div>\n\t\t\t\t\t\t\t\t<\/div>\n\t\t\t\t<\/div>\n\t\t\t\t\t<\/div>\n\t\t<\/div>\n\t\t\t\t\t<\/div>\n\t\t<\/section>\n\t\t\t\t<\/div>\n\t\t","protected":false},"excerpt":{"rendered":"<p>Ing\u00e9nieur \u00e9crivain Cr\u00e9ateur du concept des LNA (Livres Num\u00e9riques Connect\u00e9s) Curieux et passionn\u00e9 Marcheur Brasseur d&rsquo;id\u00e9es Artisan des Mots en apprentissage Sa mission \u00ab\u00a0B\u00e2tir un Monde meilleur et plus juste\u00a0\u00bb Sa vision \u00ab\u00a0La Culture par le Net\u00a0\u00bb pour amener la culture aux personnes qui d\u00e9laissent les livres papier Croit en son destin et \u00e0 la [&hellip;]<\/p>\n","protected":false},"author":1,"featured_media":0,"parent":0,"menu_order":0,"comment_status":"closed","ping_status":"closed","template":"","meta":{"site-sidebar-layout":"no-sidebar","site-content-layout":"page-builder","ast-site-content-layout":"","site-content-style":"default","site-sidebar-style":"default","ast-global-header-display":"","ast-banner-title-visibility":"","ast-main-header-display":"","ast-hfb-above-header-display":"","ast-hfb-below-header-display":"","ast-hfb-mobile-header-display":"","site-post-title":"disabled","ast-breadcrumbs-content":"","ast-featured-img":"disabled","footer-sml-layout":"","theme-transparent-header-meta":"default","adv-header-id-meta":"","stick-header-meta":"","header-above-stick-meta":"","header-main-stick-meta":"","header-below-stick-meta":"","astra-migrate-meta-layouts":"default","ast-page-background-enabled":"default","ast-page-background-meta":{"desktop":{"background-color":"var(--ast-global-color-4)","background-image":"","background-repeat":"repeat","background-position":"center center","background-size":"auto","background-attachment":"scroll","background-type":"","background-media":"","overlay-type":"","overlay-color":"","overlay-opacity":"","overlay-gradient":""},"tablet":{"background-color":"","background-image":"","background-repeat":"repeat","background-position":"center center","background-size":"auto","background-attachment":"scroll","background-type":"","background-media":"","overlay-type":"","overlay-color":"","overlay-opacity":"","overlay-gradient":""},"mobile":{"background-color":"","background-image":"","background-repeat":"repeat","background-position":"center center","background-size":"auto","background-attachment":"scroll","background-type":"","background-media":"","overlay-type":"","overlay-color":"","overlay-opacity":"","overlay-gradient":""}},"ast-content-background-meta":{"desktop":{"background-color":"var(--ast-global-color-5)","background-image":"","background-repeat":"repeat","background-position":"center center","background-size":"auto","background-attachment":"scroll","background-type":"","background-media":"","overlay-type":"","overlay-color":"","overlay-opacity":"","overlay-gradient":""},"tablet":{"background-color":"var(--ast-global-color-5)","background-image":"","background-repeat":"repeat","background-position":"center center","background-size":"auto","background-attachment":"scroll","background-type":"","background-media":"","overlay-type":"","overlay-color":"","overlay-opacity":"","overlay-gradient":""},"mobile":{"background-color":"var(--ast-global-color-5)","background-image":"","background-repeat":"repeat","background-position":"center center","background-size":"auto","background-attachment":"scroll","background-type":"","background-media":"","overlay-type":"","overlay-color":"","overlay-opacity":"","overlay-gradient":""}},"footnotes":""},"class_list":["post-1034","page","type-page","status-publish","hentry"],"_links":{"self":[{"href":"https:\/\/culturons-nous.com\/index.php\/wp-json\/wp\/v2\/pages\/1034","targetHints":{"allow":["GET"]}}],"collection":[{"href":"https:\/\/culturons-nous.com\/index.php\/wp-json\/wp\/v2\/pages"}],"about":[{"href":"https:\/\/culturons-nous.com\/index.php\/wp-json\/wp\/v2\/types\/page"}],"author":[{"embeddable":true,"href":"https:\/\/culturons-nous.com\/index.php\/wp-json\/wp\/v2\/users\/1"}],"replies":[{"embeddable":true,"href":"https:\/\/culturons-nous.com\/index.php\/wp-json\/wp\/v2\/comments?post=1034"}],"version-history":[{"count":19,"href":"https:\/\/culturons-nous.com\/index.php\/wp-json\/wp\/v2\/pages\/1034\/revisions"}],"predecessor-version":[{"id":6001,"href":"https:\/\/culturons-nous.com\/index.php\/wp-json\/wp\/v2\/pages\/1034\/revisions\/6001"}],"wp:attachment":[{"href":"https:\/\/culturons-nous.com\/index.php\/wp-json\/wp\/v2\/media?parent=1034"}],"curies":[{"name":"wp","href":"https:\/\/api.w.org\/{rel}","templated":true}]}}