{"id":2126,"date":"2021-09-09T18:35:34","date_gmt":"2021-09-09T16:35:34","guid":{"rendered":"https:\/\/culturons-nous.com\/?page_id=2126"},"modified":"2025-03-01T11:57:26","modified_gmt":"2025-03-01T10:57:26","slug":"ou-va-linformatique","status":"publish","type":"page","link":"https:\/\/culturons-nous.com\/index.php\/ou-va-linformatique\/","title":{"rendered":"O\u00f9 va l&rsquo;informatique ?"},"content":{"rendered":"\t\t<div data-elementor-type=\"wp-page\" data-elementor-id=\"2126\" class=\"elementor elementor-2126\">\n\t\t\t\t\t\t<section class=\"elementor-section elementor-top-section elementor-element elementor-element-5eb4f992 elementor-section-boxed elementor-section-height-default elementor-section-height-default\" data-id=\"5eb4f992\" data-element_type=\"section\" data-e-type=\"section\">\n\t\t\t\t\t\t<div class=\"elementor-container elementor-column-gap-default\">\n\t\t\t\t\t<div class=\"elementor-column elementor-col-100 elementor-top-column elementor-element elementor-element-1800859b\" data-id=\"1800859b\" data-element_type=\"column\" data-e-type=\"column\">\n\t\t\t<div class=\"elementor-widget-wrap elementor-element-populated\">\n\t\t\t\t\t\t<div class=\"elementor-element elementor-element-b69e693 elementor-widget elementor-widget-heading\" data-id=\"b69e693\" data-element_type=\"widget\" data-e-type=\"widget\" data-widget_type=\"heading.default\">\n\t\t\t\t<div class=\"elementor-widget-container\">\n\t\t\t\t\t<h2 class=\"elementor-heading-title elementor-size-default\">O\u00f9 va l'informatique avec les GAFAM ?<\/h2>\t\t\t\t<\/div>\n\t\t\t\t<\/div>\n\t\t\t\t\t<\/div>\n\t\t<\/div>\n\t\t\t\t\t<\/div>\n\t\t<\/section>\n\t\t\t\t<section class=\"elementor-section elementor-top-section elementor-element elementor-element-66954aca elementor-section-boxed elementor-section-height-default elementor-section-height-default\" data-id=\"66954aca\" data-element_type=\"section\" data-e-type=\"section\">\n\t\t\t\t\t\t<div class=\"elementor-container elementor-column-gap-default\">\n\t\t\t\t\t<div class=\"elementor-column elementor-col-50 elementor-top-column elementor-element elementor-element-65635c9f\" data-id=\"65635c9f\" data-element_type=\"column\" data-e-type=\"column\">\n\t\t\t<div class=\"elementor-widget-wrap elementor-element-populated\">\n\t\t\t\t\t\t<div class=\"elementor-element elementor-element-421efb5a elementor-widget elementor-widget-image\" data-id=\"421efb5a\" data-element_type=\"widget\" data-e-type=\"widget\" data-widget_type=\"image.default\">\n\t\t\t\t<div class=\"elementor-widget-container\">\n\t\t\t\t\t\t\t\t\t\t\t\t\t\t\t<img fetchpriority=\"high\" decoding=\"async\" width=\"768\" height=\"432\" src=\"https:\/\/culturons-nous.com\/wp-content\/uploads\/2021\/09\/image-80.jpeg\" class=\"attachment-medium_large size-medium_large wp-image-2128\" alt=\"\" srcset=\"https:\/\/culturons-nous.com\/wp-content\/uploads\/2021\/09\/image-80.jpeg 768w, https:\/\/culturons-nous.com\/wp-content\/uploads\/2021\/09\/image-80-300x169.jpeg 300w\" sizes=\"(max-width: 768px) 100vw, 768px\" \/>\t\t\t\t\t\t\t\t\t\t\t\t\t\t\t<\/div>\n\t\t\t\t<\/div>\n\t\t\t\t\t<\/div>\n\t\t<\/div>\n\t\t\t\t<div class=\"elementor-column elementor-col-50 elementor-top-column elementor-element elementor-element-2684ef39\" data-id=\"2684ef39\" data-element_type=\"column\" data-e-type=\"column\">\n\t\t\t<div class=\"elementor-widget-wrap elementor-element-populated\">\n\t\t\t\t\t\t<div class=\"elementor-element elementor-element-25f9c335 elementor-widget elementor-widget-image\" data-id=\"25f9c335\" data-element_type=\"widget\" data-e-type=\"widget\" data-widget_type=\"image.default\">\n\t\t\t\t<div class=\"elementor-widget-container\">\n\t\t\t\t\t\t\t\t\t\t\t\t\t\t\t<img decoding=\"async\" width=\"475\" height=\"294\" src=\"https:\/\/culturons-nous.com\/wp-content\/uploads\/2021\/09\/image-15.png\" class=\"attachment-medium_large size-medium_large wp-image-2129\" alt=\"\" srcset=\"https:\/\/culturons-nous.com\/wp-content\/uploads\/2021\/09\/image-15.png 475w, https:\/\/culturons-nous.com\/wp-content\/uploads\/2021\/09\/image-15-300x186.png 300w\" sizes=\"(max-width: 475px) 100vw, 475px\" \/>\t\t\t\t\t\t\t\t\t\t\t\t\t\t\t<\/div>\n\t\t\t\t<\/div>\n\t\t\t\t\t<\/div>\n\t\t<\/div>\n\t\t\t\t\t<\/div>\n\t\t<\/section>\n\t\t\t\t<section class=\"elementor-section elementor-top-section elementor-element elementor-element-35bffd4e elementor-section-boxed elementor-section-height-default elementor-section-height-default\" data-id=\"35bffd4e\" data-element_type=\"section\" data-e-type=\"section\">\n\t\t\t\t\t\t<div class=\"elementor-container elementor-column-gap-default\">\n\t\t\t\t\t<div class=\"elementor-column elementor-col-100 elementor-top-column elementor-element elementor-element-5dff8823\" data-id=\"5dff8823\" data-element_type=\"column\" data-e-type=\"column\">\n\t\t\t<div class=\"elementor-widget-wrap elementor-element-populated\">\n\t\t\t\t\t\t<div class=\"elementor-element elementor-element-7acb3446 elementor-widget elementor-widget-image\" data-id=\"7acb3446\" data-element_type=\"widget\" data-e-type=\"widget\" data-widget_type=\"image.default\">\n\t\t\t\t<div class=\"elementor-widget-container\">\n\t\t\t\t\t\t\t\t\t\t\t\t\t\t\t<img decoding=\"async\" width=\"1098\" height=\"1469\" src=\"https:\/\/culturons-nous.com\/wp-content\/uploads\/2021\/09\/image-81.jpeg\" class=\"attachment-1536x1536 size-1536x1536 wp-image-2130\" alt=\"\" srcset=\"https:\/\/culturons-nous.com\/wp-content\/uploads\/2021\/09\/image-81.jpeg 1098w, https:\/\/culturons-nous.com\/wp-content\/uploads\/2021\/09\/image-81-224x300.jpeg 224w, https:\/\/culturons-nous.com\/wp-content\/uploads\/2021\/09\/image-81-765x1024.jpeg 765w, https:\/\/culturons-nous.com\/wp-content\/uploads\/2021\/09\/image-81-768x1027.jpeg 768w\" sizes=\"(max-width: 1098px) 100vw, 1098px\" \/>\t\t\t\t\t\t\t\t\t\t\t\t\t\t\t<\/div>\n\t\t\t\t<\/div>\n\t\t\t\t\t<\/div>\n\t\t<\/div>\n\t\t\t\t\t<\/div>\n\t\t<\/section>\n\t\t\t\t<section class=\"elementor-section elementor-top-section elementor-element elementor-element-27feb6f1 elementor-section-boxed elementor-section-height-default elementor-section-height-default\" data-id=\"27feb6f1\" data-element_type=\"section\" data-e-type=\"section\">\n\t\t\t\t\t\t<div class=\"elementor-container elementor-column-gap-default\">\n\t\t\t\t\t<div class=\"elementor-column elementor-col-100 elementor-top-column elementor-element elementor-element-16808d2e\" data-id=\"16808d2e\" data-element_type=\"column\" data-e-type=\"column\">\n\t\t\t<div class=\"elementor-widget-wrap elementor-element-populated\">\n\t\t\t\t\t\t<div class=\"elementor-element elementor-element-7d17443e elementor-widget elementor-widget-heading\" data-id=\"7d17443e\" data-element_type=\"widget\" data-e-type=\"widget\" data-widget_type=\"heading.default\">\n\t\t\t\t<div class=\"elementor-widget-container\">\n\t\t\t\t\t<h2 class=\"elementor-heading-title elementor-size-default\">Naissance du microprocesseur<\/h2>\t\t\t\t<\/div>\n\t\t\t\t<\/div>\n\t\t\t\t\t<\/div>\n\t\t<\/div>\n\t\t\t\t\t<\/div>\n\t\t<\/section>\n\t\t\t\t<section class=\"elementor-section elementor-top-section elementor-element elementor-element-6d923638 elementor-section-boxed elementor-section-height-default elementor-section-height-default\" data-id=\"6d923638\" data-element_type=\"section\" data-e-type=\"section\" id=\"r\u00e9sum\u00e9 napol\u00e9on\">\n\t\t\t\t\t\t<div class=\"elementor-container elementor-column-gap-default\">\n\t\t\t\t\t<div class=\"elementor-column elementor-col-100 elementor-top-column elementor-element elementor-element-12b7b7d4\" data-id=\"12b7b7d4\" data-element_type=\"column\" data-e-type=\"column\">\n\t\t\t<div class=\"elementor-widget-wrap elementor-element-populated\">\n\t\t\t\t\t\t<div class=\"elementor-element elementor-element-6382020f elementor-widget elementor-widget-text-editor\" data-id=\"6382020f\" data-element_type=\"widget\" data-e-type=\"widget\" data-widget_type=\"text-editor.default\">\n\t\t\t\t<div class=\"elementor-widget-container\">\n\t\t\t\t\t\t\t\t\t<h1>15 novembre 1971 :\u00a0Naissance du microprocesseur<\/h1><div class=\"row\"><div class=\"col-lg-7\"><div class=\"post-content\"><div class=\"post-content\"><p><img decoding=\"async\" class=\"droite aligncenter\" title=\"\" src=\"https:\/\/www.herodote.net\/_image\/marcian-hoff.jpg\" alt=\"Marcian Ted Hoff (28 octobre 1937, Rochester ; ...) \" data-hasqtip=\"328\" aria-describedby=\"qtip-328\" \/><\/p><p>Le 15 novembre 1971 est publi\u00e9 l&rsquo;acte de naissance du microprocesseur. Dans une publicit\u00e9 de la revue <em>Electronic News<\/em>, la firme Intel annonce <em>\u00ab A microprogrammable computer on a chip \u00bb<\/em>(un ordinateur programmable dans une puce).<\/p><p>L&rsquo;inventeur, Marcian E. <em>\u00ab Ted\u00a0\u00bb<\/em> Hoff (34 ans), a eu l&rsquo;id\u00e9e d&rsquo;associer sur un minuscule support tous les circuits qui constituent un ordinateur.<\/p><p>Ce microprocesseur 4004, avec une taille de 3,2 mm, est capable d&rsquo;effectuer jusqu&rsquo;\u00e0 60\u00a0000 op\u00e9rations par seconde. Sa puissance est comparable \u00e0 celle du m\u00e9morable ENIAC, dont les circuits occupaient un volume d&rsquo;environ 80 m\u00e8tres cubes.<\/p><h3 id=\"inter1\" class=\"inter\" style=\"text-align: center;\"><strong>Gen\u00e8se d&rsquo;une r\u00e9volution<\/strong><\/h3><p>L&rsquo;ENIAC, n\u00e9 juste apr\u00e8s la Seconde Guerre mondiale, est l&rsquo;un des premiers ordinateurs num\u00e9riques jamais construits. Il \u00e9tait compos\u00e9 de plus de 15\u00a0000 tubes \u00e0 vide, en quelque sorte de grosses ampoules. Ces tubes ont \u00e9t\u00e9 remplac\u00e9s par des transistors \u00e0 la g\u00e9n\u00e9ration suivante d&rsquo;ordinateurs num\u00e9riques. Ces transistors, invent\u00e9s par les laboratoires Bell en 1948 ont eux-m\u00eame \u00e9t\u00e9 progressivement miniaturis\u00e9s, ce qui a permis la mise au point des circuits int\u00e9gr\u00e9s et des\u00a0microprocesseurs.<\/p><p>La publication d&rsquo;Intel, en 1971, est le fruit d&rsquo;une longue gestation qui remonte au moins \u00e0 l&rsquo;invention du premier circuit int\u00e9gr\u00e9 (ou <em>\u00ab\u00a0puces\u00a0\u00bb<\/em> \u00e9lectronique) par Texas Instruments, une douzaine d&rsquo;ann\u00e9es plus t\u00f4t.<\/p><p>Intel va donner une nouvelle impulsion \u00e0 cette technologie en la faisant sortir des applications militaires et spatiales et en la propulsant dans l&rsquo;industrie. C&rsquo;est ainsi qu&rsquo;en deux d\u00e9cennies, dans l&rsquo;ensemble du monde d\u00e9velopp\u00e9, les microprocesseurs ont boulevers\u00e9 l&rsquo;informatique, l&rsquo;industrie et les t\u00e9l\u00e9communications. Ils ont conduit \u00e0 l&rsquo;automatisation des t\u00e2ches industrielles. Ils ont introduit la micro-informatique dans les activit\u00e9s de services et dans les activit\u00e9s ludiques ou domestiques. Ils ont aussi rendu possible l&rsquo;expansion foudroyante de la t\u00e9l\u00e9phonie et de l&rsquo;Internet.<\/p><div class=\"encadre\"><h3 class=\"titre\" style=\"text-align: center;\"><strong>La troisi\u00e8me r\u00e9volution<\/strong><\/h3><p>On peut dire sans exag\u00e9ration que les microprocesseurs ont \u00e9t\u00e9 \u00e0 l&rsquo;origine d&rsquo;une troisi\u00e8me r\u00e9volution industrielle, apr\u00e8s l&rsquo;invention de la machine \u00e0 vapeur par James Watt, au XVIIIe si\u00e8cle, et la d\u00e9couverte des applications pratiques de l&rsquo;\u00e9lectricit\u00e9 par <a href=\"https:\/\/www.herodote.net\/histoire\/evenement.php?jour=18791022\">Thomas Edison<\/a>, au XIXe si\u00e8cle.\u00a0<\/p><\/div><div class=\"meta\">Publi\u00e9 ou mis \u00e0 jour le : 2019-11 par H\u00e9rodote<\/div><\/div><\/div><\/div><\/div>\t\t\t\t\t\t\t\t<\/div>\n\t\t\t\t<\/div>\n\t\t\t\t\t<\/div>\n\t\t<\/div>\n\t\t\t\t\t<\/div>\n\t\t<\/section>\n\t\t\t\t<section class=\"elementor-section elementor-top-section elementor-element elementor-element-ee2fcd5 elementor-section-boxed elementor-section-height-default elementor-section-height-default\" data-id=\"ee2fcd5\" data-element_type=\"section\" data-e-type=\"section\">\n\t\t\t\t\t\t<div class=\"elementor-container elementor-column-gap-default\">\n\t\t\t\t\t<div class=\"elementor-column elementor-col-100 elementor-top-column elementor-element elementor-element-4c42697\" data-id=\"4c42697\" data-element_type=\"column\" data-e-type=\"column\">\n\t\t\t<div class=\"elementor-widget-wrap elementor-element-populated\">\n\t\t\t\t\t\t<div class=\"elementor-element elementor-element-3cc08bd9 elementor-widget elementor-widget-text-editor\" data-id=\"3cc08bd9\" data-element_type=\"widget\" data-e-type=\"widget\" data-widget_type=\"text-editor.default\">\n\t\t\t\t<div class=\"elementor-widget-container\">\n\t\t\t\t\t\t\t\t\t<p>Cette partie est en cours de construction pour \u00eatre automatis\u00e9e. En attendant , je vous sugg\u00e8re de m&rsquo;envoyer un courriel \u00e0 culturonsnous@icloud.com en pr\u00e9cisant le titre du LNA que vous souhaitez recevoir.<br \/>Je me ferai un plaisir de vous l&rsquo;envoyer.<br \/>Bien cordialement,<br \/>Michel Poncet<\/p>\t\t\t\t\t\t\t\t<\/div>\n\t\t\t\t<\/div>\n\t\t\t\t\t<\/div>\n\t\t<\/div>\n\t\t\t\t\t<\/div>\n\t\t<\/section>\n\t\t\t\t<section class=\"elementor-section elementor-top-section elementor-element elementor-element-4f86fa6 elementor-section-boxed elementor-section-height-default elementor-section-height-default\" data-id=\"4f86fa6\" data-element_type=\"section\" data-e-type=\"section\">\n\t\t\t\t\t\t<div class=\"elementor-container elementor-column-gap-default\">\n\t\t\t\t\t<div class=\"elementor-column elementor-col-100 elementor-top-column elementor-element elementor-element-77f77283\" data-id=\"77f77283\" data-element_type=\"column\" data-e-type=\"column\">\n\t\t\t<div class=\"elementor-widget-wrap elementor-element-populated\">\n\t\t\t\t\t\t<div class=\"elementor-element elementor-element-3159d14e elementor-widget elementor-widget-menu-anchor\" data-id=\"3159d14e\" data-element_type=\"widget\" data-e-type=\"widget\" data-widget_type=\"menu-anchor.default\">\n\t\t\t\t<div class=\"elementor-widget-container\">\n\t\t\t\t\t\t\t<div class=\"elementor-menu-anchor\" id=\"extrait\"><\/div>\n\t\t\t\t\t\t<\/div>\n\t\t\t\t<\/div>\n\t\t\t\t\t<\/div>\n\t\t<\/div>\n\t\t\t\t\t<\/div>\n\t\t<\/section>\n\t\t\t\t<section class=\"elementor-section elementor-top-section elementor-element elementor-element-47bb93ad elementor-section-boxed elementor-section-height-default elementor-section-height-default\" data-id=\"47bb93ad\" data-element_type=\"section\" data-e-type=\"section\">\n\t\t\t\t\t\t<div class=\"elementor-container elementor-column-gap-default\">\n\t\t\t\t\t<div class=\"elementor-column elementor-col-100 elementor-top-column elementor-element elementor-element-79346d89\" data-id=\"79346d89\" data-element_type=\"column\" data-e-type=\"column\">\n\t\t\t<div class=\"elementor-widget-wrap elementor-element-populated\">\n\t\t\t\t\t\t<div class=\"elementor-element elementor-element-7377e6c1 elementor-widget elementor-widget-heading\" data-id=\"7377e6c1\" data-element_type=\"widget\" data-e-type=\"widget\" data-widget_type=\"heading.default\">\n\t\t\t\t<div class=\"elementor-widget-container\">\n\t\t\t\t\t<h2 class=\"elementor-heading-title elementor-size-default\">Ou va l'informatique ?<\/h2>\t\t\t\t<\/div>\n\t\t\t\t<\/div>\n\t\t\t\t\t<\/div>\n\t\t<\/div>\n\t\t\t\t\t<\/div>\n\t\t<\/section>\n\t\t\t\t<section class=\"elementor-section elementor-top-section elementor-element elementor-element-b833378 elementor-section-boxed elementor-section-height-default elementor-section-height-default\" data-id=\"b833378\" data-element_type=\"section\" data-e-type=\"section\">\n\t\t\t\t\t\t<div class=\"elementor-container elementor-column-gap-default\">\n\t\t\t\t\t<div class=\"elementor-column elementor-col-100 elementor-top-column elementor-element elementor-element-2e277db\" data-id=\"2e277db\" data-element_type=\"column\" data-e-type=\"column\">\n\t\t\t<div class=\"elementor-widget-wrap elementor-element-populated\">\n\t\t\t\t\t\t<div class=\"elementor-element elementor-element-cdd6753 elementor-widget elementor-widget-pdfjs_viewer\" data-id=\"cdd6753\" data-element_type=\"widget\" data-e-type=\"widget\" data-widget_type=\"pdfjs_viewer.default\">\n\t\t\t\t<div class=\"elementor-widget-container\">\n\t\t\t\t\t<iframe src=\"https:\/\/culturons-nous.com\/wp-content\/plugins\/pdf-viewer-for-elementor\/assets\/pdfjs\/web\/viewer.html?file=https:\/\/culturons-nous.com\/wp-content\/uploads\/2025\/03\/Ou-va-linformatique-.pdf&amp;embedded=true\" style=\"display: block; margin-left: auto; margin-right: auto; width: 640px; height: 1020px;\" frameborder=\"1\" marginheight=\"0px\" marginwidth=\"0px\" allowfullscreen><\/iframe>\t\t\t\t<\/div>\n\t\t\t\t<\/div>\n\t\t\t\t\t<\/div>\n\t\t<\/div>\n\t\t\t\t\t<\/div>\n\t\t<\/section>\n\t\t\t\t<section class=\"elementor-section elementor-top-section elementor-element elementor-element-6084488a elementor-section-boxed elementor-section-height-default elementor-section-height-default\" data-id=\"6084488a\" data-element_type=\"section\" data-e-type=\"section\">\n\t\t\t\t\t\t<div class=\"elementor-container elementor-column-gap-default\">\n\t\t\t\t\t<div class=\"elementor-column elementor-col-100 elementor-top-column elementor-element elementor-element-58dfcc06\" data-id=\"58dfcc06\" data-element_type=\"column\" data-e-type=\"column\">\n\t\t\t<div class=\"elementor-widget-wrap elementor-element-populated\">\n\t\t\t\t\t\t<div class=\"elementor-element elementor-element-3b5cd4eb elementor-align-right elementor-widget elementor-widget-button\" data-id=\"3b5cd4eb\" data-element_type=\"widget\" data-e-type=\"widget\" data-widget_type=\"button.default\">\n\t\t\t\t<div class=\"elementor-widget-container\">\n\t\t\t\t\t\t\t\t\t<div class=\"elementor-button-wrapper\">\n\t\t\t\t\t<a class=\"elementor-button elementor-button-link elementor-size-sm\" href=\"https:\/\/culturons-nous.com\/\">\n\t\t\t\t\t\t<span class=\"elementor-button-content-wrapper\">\n\t\t\t\t\t\t\t\t\t<span class=\"elementor-button-text\">Retour <\/span>\n\t\t\t\t\t<\/span>\n\t\t\t\t\t<\/a>\n\t\t\t\t<\/div>\n\t\t\t\t\t\t\t\t<\/div>\n\t\t\t\t<\/div>\n\t\t\t\t\t<\/div>\n\t\t<\/div>\n\t\t\t\t\t<\/div>\n\t\t<\/section>\n\t\t\t\t<section class=\"elementor-section elementor-top-section elementor-element elementor-element-59877bf9 elementor-section-boxed elementor-section-height-default elementor-section-height-default\" data-id=\"59877bf9\" data-element_type=\"section\" data-e-type=\"section\">\n\t\t\t\t\t\t<div class=\"elementor-container elementor-column-gap-default\">\n\t\t\t\t\t<div class=\"elementor-column elementor-col-100 elementor-top-column elementor-element elementor-element-1ad09d46\" data-id=\"1ad09d46\" data-element_type=\"column\" data-e-type=\"column\">\n\t\t\t<div class=\"elementor-widget-wrap\">\n\t\t\t\t\t\t\t<\/div>\n\t\t<\/div>\n\t\t\t\t\t<\/div>\n\t\t<\/section>\n\t\t\t\t<\/div>\n\t\t","protected":false},"excerpt":{"rendered":"<p>O\u00f9 va l&rsquo;informatique avec les GAFAM ? Naissance du microprocesseur 15 novembre 1971 :\u00a0Naissance du microprocesseur Le 15 novembre 1971 est publi\u00e9 l&rsquo;acte de naissance du microprocesseur. Dans une publicit\u00e9 de la revue Electronic News, la firme Intel annonce \u00ab A microprogrammable computer on a chip \u00bb(un ordinateur programmable dans une puce). L&rsquo;inventeur, Marcian E. [&hellip;]<\/p>\n","protected":false},"author":1,"featured_media":0,"parent":0,"menu_order":0,"comment_status":"closed","ping_status":"closed","template":"","meta":{"site-sidebar-layout":"no-sidebar","site-content-layout":"page-builder","ast-site-content-layout":"","site-content-style":"default","site-sidebar-style":"default","ast-global-header-display":"","ast-banner-title-visibility":"","ast-main-header-display":"","ast-hfb-above-header-display":"","ast-hfb-below-header-display":"","ast-hfb-mobile-header-display":"","site-post-title":"disabled","ast-breadcrumbs-content":"","ast-featured-img":"disabled","footer-sml-layout":"","theme-transparent-header-meta":"default","adv-header-id-meta":"","stick-header-meta":"","header-above-stick-meta":"","header-main-stick-meta":"","header-below-stick-meta":"","astra-migrate-meta-layouts":"default","ast-page-background-enabled":"default","ast-page-background-meta":{"desktop":{"background-color":"var(--ast-global-color-4)","background-image":"","background-repeat":"repeat","background-position":"center center","background-size":"auto","background-attachment":"scroll","background-type":"","background-media":"","overlay-type":"","overlay-color":"","overlay-opacity":"","overlay-gradient":""},"tablet":{"background-color":"","background-image":"","background-repeat":"repeat","background-position":"center center","background-size":"auto","background-attachment":"scroll","background-type":"","background-media":"","overlay-type":"","overlay-color":"","overlay-opacity":"","overlay-gradient":""},"mobile":{"background-color":"","background-image":"","background-repeat":"repeat","background-position":"center center","background-size":"auto","background-attachment":"scroll","background-type":"","background-media":"","overlay-type":"","overlay-color":"","overlay-opacity":"","overlay-gradient":""}},"ast-content-background-meta":{"desktop":{"background-color":"var(--ast-global-color-5)","background-image":"","background-repeat":"repeat","background-position":"center center","background-size":"auto","background-attachment":"scroll","background-type":"","background-media":"","overlay-type":"","overlay-color":"","overlay-opacity":"","overlay-gradient":""},"tablet":{"background-color":"var(--ast-global-color-5)","background-image":"","background-repeat":"repeat","background-position":"center center","background-size":"auto","background-attachment":"scroll","background-type":"","background-media":"","overlay-type":"","overlay-color":"","overlay-opacity":"","overlay-gradient":""},"mobile":{"background-color":"var(--ast-global-color-5)","background-image":"","background-repeat":"repeat","background-position":"center center","background-size":"auto","background-attachment":"scroll","background-type":"","background-media":"","overlay-type":"","overlay-color":"","overlay-opacity":"","overlay-gradient":""}},"footnotes":""},"class_list":["post-2126","page","type-page","status-publish","hentry"],"_links":{"self":[{"href":"https:\/\/culturons-nous.com\/index.php\/wp-json\/wp\/v2\/pages\/2126","targetHints":{"allow":["GET"]}}],"collection":[{"href":"https:\/\/culturons-nous.com\/index.php\/wp-json\/wp\/v2\/pages"}],"about":[{"href":"https:\/\/culturons-nous.com\/index.php\/wp-json\/wp\/v2\/types\/page"}],"author":[{"embeddable":true,"href":"https:\/\/culturons-nous.com\/index.php\/wp-json\/wp\/v2\/users\/1"}],"replies":[{"embeddable":true,"href":"https:\/\/culturons-nous.com\/index.php\/wp-json\/wp\/v2\/comments?post=2126"}],"version-history":[{"count":16,"href":"https:\/\/culturons-nous.com\/index.php\/wp-json\/wp\/v2\/pages\/2126\/revisions"}],"predecessor-version":[{"id":7065,"href":"https:\/\/culturons-nous.com\/index.php\/wp-json\/wp\/v2\/pages\/2126\/revisions\/7065"}],"wp:attachment":[{"href":"https:\/\/culturons-nous.com\/index.php\/wp-json\/wp\/v2\/media?parent=2126"}],"curies":[{"name":"wp","href":"https:\/\/api.w.org\/{rel}","templated":true}]}}